 of -4 + (-142)/(-14) + 2/(-14)?
True
Does 18 divide ((-16)/(-2))/(4*2/108)?
True
Let t(a) = -28*a + 3. Is t(-5) a multiple of 14?
False
Suppose 15 = f - 3. Does 5 divide f?
False
Let j be (1*-3)/(-3) - 1. Suppose j = 2*k + 5*l - 5, -1 = 5*k + 4*l - 22. Suppose -4*v + r + 48 = 4*r, 12 = v - k*r. Is v a multiple of 12?
True
Suppose -5*s + 3*n = -16, 3*s - 2 = s - n. Suppose 20 = 4*o, -57 = -3*d - s*o - 14. Is d a multiple of 9?
False
Suppose 3*t - 5*p + 0 + 1 = 0, -t - 3*p = -9. Let r = t + -1. Is 21 a factor of (1/r)/((-3)/(-126))?
True
Let n = -124 - -82. Suppose -3*f = -2*f + 7. Let a = f - n. Is a a multiple of 15?
False
Let h(x) = 11*x + 5. Let t be h(-5). Let z = 94 + t. Suppose -3*w + 33 = -y, 0 = 5*w + 5*y + 9 - z. Is 4 a factor of w?
False
Let d(z) = -z**2 - 4*z + 1. Let i be d(-3). Does 14 divide 54/4 + 2/i?
True
Let t(i) = i**3 + 3*i**2 - 4*i + 5. Let k be t(-4). Suppose -69 = -6*m + k*m. Suppose -3*o + 0 - 7 = -g, 3*o = -3*g + m. Is g a multiple of 7?
False
Is 3 a factor of (-6)/(-2) - (5/5 + -19)?
True
Let h(o) = 0 - 4*o + o + o**2 + 0. Is 2 a factor of h(4)?
True
Suppose -22 + 211 = 3*b. Does 3 divide b?
True
Let o = 7 + 9. Is o a multiple of 8?
True
Let p(u) = u - 1. Let o be p(5). Let i(g) = -g**3 + 5*g**2 - 2*g - 4. Let d be i(o). Suppose -2*t - d = -12. Does 3 divide t?
False
Suppose 1 - 3 = 2*r. Let q(u) = 11*u**2. Does 6 divide q(r)?
False
Let t be 0/((-6)/2) + 6. Let v be (10/t)/((-1)/(-24)). Let m = 70 - v. Is m a multiple of 20?
False
Let q = -8 - -43. Is 11 a factor of q?
False
Let v = -1 + 241. Is v a multiple of 38?
False
Suppose -y - 3*y = 0. Suppose y = -5*j - 2*g - 2*g + 200, 0 = 4*j - g - 160. Is j a multiple of 14?
False
Let i be 0*(0 - 1/(-2)). Suppose 0*s - 3*s = i. Does 18 divide 1*(s + -36)/(-1)?
True
Suppose -2*o - 2*c = -50, 5*c + 31 - 135 = -4*o. Is 6 a factor of o?
False
Let x(j) = -j**3 - 7*j**2 - 4*j + 4. Let q be x(-7). Let m be q/12*(-15)/(-4). Is 9 - (-5)/(m/(-4)) a multiple of 7?
True
Let v(d) = -d**3 - 6*d**2 - 6*d - 1. Let f be v(-5). Suppose f*m - 35 - 9 = 0. Does 4 divide m?
False
Let q(v) = 7*v**2 - 2*v + 1. Suppose -2*y - 2 = -3*l - 5, 0 = -2*y + 6. Does 4 divide q(l)?
False
Suppose -256 + 68 = -4*x + 4*z, 0 = -5*z + 20. Is 26 a factor of x?
False
Let l(m) = m - 1. Let u be l(13). Let c = u + 0. Does 12 divide c?
True
Suppose 0 = 4*f - 47 - 49. Is 8 a factor of f?
True
Let i(f) = -f**3 - 7*f**2 - 5*f + 6. Let r be i(-6). Suppose 0 = 5*p - 4*l - 220, -3*l + 6*l + 15 = r. Does 20 divide p?
True
Suppose -2*y - 3*l + 441 = 0, 2*y - 2*l = 3*y - 218. Is 19 a factor of y?
True
Is -1*(-3 + 5)*(-102)/4 a multiple of 8?
False
Is 8 a factor of -2 + 24 - (0 + -2)?
True
Let s = 205 + 30. Does 47 divide s?
True
Let c be (-2)/(0 - -2)*0. Is 5 a factor of c - (0 - 0 - 6)?
False
Let x(v) = v**3 + 7*v**2 - 8*v + 1. Let q be x(-8). Let i be (1 + (3 - 1))*q. Suppose w - i = 3. Does 3 divide w?
True
Let d(s) = s**3 - 8*s**2 + 6*s - 7. Let x be d(8). Suppose -3*r = -x - 16. Is r a multiple of 4?
False
Suppose 2*m - 280 = -2*t, -t + 6*t - 2*m = 679. Suppose -t = -5*w - 2. Does 8 divide w?
False
Let t = -3 - -2. Let g(v) = 54*v**2. Does 20 divide g(t)?
False
Suppose -21 = -4*h - 1. Suppose 3*i - 560 = 4*g, 20 = 5*g + 45. Suppose 44 = 2*m + 4*j, h*m + 0*j - i = 4*j. Is m a multiple of 16?
True
Suppose 2*r - 126 = 4*r. Let v = 115 + r. Does 26 divide v?
True
Let o = -31 - -5. Let f = -6 - o. Is 10 a factor of f?
True
Suppose 3*n - 67 = -5*k, 88 = 4*n + 3*k + 17. Let q = 21 - n. Does 3 divide q?
False
Suppose 3 = -3*q + 2*c + 13, -2*q + 13 = 5*c. Let y(z) = 7*z + 5. Is y(q) a multiple of 11?
True
Suppose -4*a + 2*v = -156, -2*v + v + 162 = 4*a. Is 20 a factor of a?
True
Let l(a) = a**2 - 4*a - 12. Let z be l(9). Suppose 24 + z = 3*s. Is 7 a factor of s?
False
Let m be (6/(-4))/(12/(-80)). Suppose 2*l - m = -0*l. Suppose 2*c - 53 = -3*w, w + l*c - 11 = 11. Is 8 a factor of w?
False
Suppose b + 5 = 3*m, 2*b = m - 3*b + 3. Suppose m*p + 2*p = 12. Suppose l - p*l + w = -30, -5*l = w - 61. Is l a multiple of 13?
True
Let o = -10 + 38. Is 9 a factor of o?
False
Let x(p) = -19*p - 3. Let h be x(-9). Suppose h = 5*q - 157. Does 19 divide q?
False
Is (-131)/(2 + (1 - 4)) a multiple of 22?
False
Suppose 0 = -2*g + 4*t + 128, 0 = -5*g - 5*t + 3*t + 272. Suppose -2*v + 6*v = g. Is v a multiple of 10?
False
Let w(c) = 45*c**2 - 2*c + 1. Let x be w(1). Suppose -x - 24 = -4*z. Does 17 divide z?
True
Let q(s) = 24*s - 7. Let g(c) = 25*c - 8. Let r(b) = -5*g(b) + 6*q(b). Is r(1) a multiple of 7?
False
Let c(u) be the second derivative of 0 + 2*u - 3/2*u**2 + 1/20*u**5 + u**3 - 5/12*u**4. Does 2 divide c(4)?
False
Suppose -207 = -5*a + 23. Does 22 divide a?
False
Let c(l) = -2 - 1 + 2. Let a(f) = -3*f**2 + 3*f + 3. Let n(d) = -a(d) - 6*c(d). Is 16 a factor of n(3)?
False
Suppose 3*g + 13 = 2*q, -g + 2*g - 5*q = -26. Let u be 3 - (-101 + 1 + g). Let n = u + -62. Is 17 a factor of n?
False
Let y = 32 - 23. Is y a multiple of 9?
True
Suppose -25 = -2*q + 283. Does 23 divide q?
False
Suppose -l - 244 = -5*l. Let d = 220 - l. Suppose -4*y + d = -1. Does 14 divide y?
False
Let n(i) = 5*i**2 - 3*i + 5. Does 29 divide n(-5)?
True
Does 9 divide (384/40)/(6/45)?
True
Suppose k = -2*l + 118, 136 = 4*k - 3*l - 347. Is 24 a factor of k?
True
Let b = 36 - 159. Let y = 213 + b. Suppose -y = -5*i + t + 38, 5*t - 36 = -i. Is i a multiple of 13?
True
Suppose k - 44 - 400 = -2*g, -3*k - 460 = -2*g. Is 18 a factor of g?
False
Let g = 28 - 38. Let h(d) = -d**3 - 10*d**2 - d + 9. Does 13 divide h(g)?
False
Suppose 0 = -h + 2*s - 48, 4*h = 6*h + 2*s + 84. Is 11 a factor of (h/6)/(14/(-21))?
True
Suppose k - 4*f - 36 = 0, 6 = 3*f - 3. Suppose -7 = z - k. Is 35 a factor of z?
False
Let j be 4/(-10) - 174/15. Let l = 17 + j. Suppose -4*z + 157 = l*c, 4*z + c - 104 - 49 = 0. Is 14 a factor of z?
False
Let c(o) be the third derivative of o**6/360 - o**5/60 - 3*o**4/8 - 2*o**3/3 - o**2. Let j(t) be the first derivative of c(t). Is j(-6) a multiple of 13?
True
Let r(l) = -l**3 - 2*l**2 - 3*l - 4. Is r(-3) a multiple of 6?
False
Let f = 27 + 1. Does 14 divide f?
True
Suppose 2*r + 3*p = 137, 0*p + 234 = 4*r - 2*p. Is 19 a factor of r?
False
Let z(r) = -r**3 + 20*r**2 + 24*r - 18. Does 5 divide z(21)?
True
Suppose -3*y - 324 = -7*y. Is y a multiple of 13?
False
Let c(n) = n**3 - n**2 + n + 2. Let z be c(0). Suppose -72 = -z*m - 2*m. Suppose 3*u - s - m = 0, 2*u + s - 17 + 5 = 0. Is u a multiple of 3?
True
Let t = 88 + -40. Is 26 a factor of t?
False
Let b(k) = 2*k - 7. Is b(18) a multiple of 22?
False
Let r(c) = c**3 - 8*c**2 - 3*c + 5. Does 26 divide r(10)?
False
Suppose -122 = -5*s - 32. Does 3 divide s?
True
Suppose 5*u - 246 = 5*g - 3*g, 0 = -3*g - 9. Is 12 a factor of u?
True
Let n(i) = 0*i - 4*i - 2*i**2 - 8*i**3 + 6*i**3 + 2*i. Suppose -4*d - 8 = -0*d. Is 12 a factor of n(d)?
True
Let t(h) = h + 1. Let z(k) = -k - 2. Let l be z(-4). Let v be t(l). Suppose 3*g = w - 26, -w - 5*g - v = 3. Is w a multiple of 10?
False
Suppose 0 = -2*r - 3*r + 3*y - 21, 0 = 5*r - 4*y + 18. Let p(g) be the second derivative of g**5/20 + 7*g**4/12 + g**3/3 - g**2 - g. Is p(r) a multiple of 9?
False
Suppose 0 = 6*y - 3*y - 12. Suppose 0 = 4*n - o - 13, -y*n - n - 3*o = -12. Is n a multiple of 3?
True
Let d(c) be the second derivative of -2*c + 0 + 0*c**2 + 1/6*c**4 - 1/3*c**3 + 1/20*c**5. Is 6 a factor of d(2)?
True
Let k = -59 + 119. Is 30 a factor of k?
True
Suppose 3*q + 720 = 105. Let h = -141 - q. Is (18/(-2))/((-12)/h) a multiple of 17?
False
Let w = -5 + 8. Suppose w*c - 5*c + 8 = 0. Suppose 78 = 2*p + c*x, -p + 37 = 3*x - 5. Is 12 a factor of p?
False
Let a = -291 - -425. Is a a multiple of 29?
False
Let y(u) = -u**2 + 7. Let i(s) = 1. Let m(q) = -6*i(q) + y(q). Let z be m(-2). Does 8 divide 1 + (z + 1 - -25)?
True
Let g(j) = 35*j**3 + j**2 + 3*j - 3. Let m be g(2). Let a be m/5 - (-2)/(-5). Suppose a + 103 = 5*u. Does 16 divide u?
True
Suppose 3*b - 33 = 114. Is b a multiple of 7?
True
Let y(i) = i**2 - 3*i + 1. Suppose -3*m = -9, -2*r - 4*m + 27 = 7. Suppose 29 = r*f + 5*g + 8, -9 = -2*f - g. Is 2 a factor of y(f)?
False
Let y(q) = 2*q**3 - 12*q**2 + 8*q - 6. Is y(6) a multiple of 42?
True
Suppose 2*d - 70 = 104. Is 29 a factor of d?
True
Suppose 0 = -p - 4. Let x be 6 + 